-3*z**2 - 151*z + 2623. Calculate k(-64).
-1
Let c(o) = 259*o - 7251. Give c(28).
1
Let y(u) = u**3 - 30*u**2 + 182*u - 24. What is y(10)?
-204
Let d(y) = -4*y**3 - 181*y**2 - 26*y + 855. What is d(-45)?
0
Let r(v) = 2*v**3 + 18*v - 100. What is r(3)?
8
Let n(g) = 451*g + 4253. Give n(-9).
194
Let r(d) = 10*d**2 + 13*d - 220. Calculate r(8).
524
Let t(c) = c**3 - 134*c**2 + 1887*c + 109. Determine t(118).
-9
Let p(j) = -2*j**3 - 54*j**2 - 362*j + 26. What is p(-13)?
0
Let z(x) = 72*x + 956. Give z(-13).
20
Let c(l) = -l**2 - 42*l - 41. Determine c(-33).
256
Let q(v) = v**3 + 350*v**2 - 3*v - 4. What is q(0)?
-4
Let g(l) = 3*l**3 - 2*l**2 - 9*l + 5. Determine g(-2).
-9
Let p(q) = -12*q - 61. Calculate p(3).
-97
Let s(p) = 549*p + 4414. Calculate s(-8).
22
Let x(y) = -y**3 + 139*y**2 - 132*y - 835. Determine x(138).
-7
Let z(j) = 81*j - 971. Calculate z(12).
1
Let m(w) = 5*w**3 - 5*w**2 + 13*w + 9. Calculate m(3).
138
Let x(t) = 703*t - 11216. Calculate x(16).
32
Let b(v) = -v**2 + 48*v - 483. Determine b(23).
92
Let o(t) = -t**3 + 9*t**2 - 5*t - 19. What is o(-3)?
104
Let i(y) = 2*y**3 - 61*y**2 - 96*y - 5. Give i(32).
-5
Let z(i) = -5*i**2 - 283*i + 116. Give z(-58).
-290
Let h(d) = 8545*d + 34187. Give h(-4).
7
Let l(s) = 25*s**2 - 29*s + 42. Determine l(-4).
558
Let z(x) = -79*x - 4. Give z(1).
-83
Let w(z) = 22154*z + 110775. Give w(-5).
5
Let i(g) = 34*g**2 - 95*g - 58. Calculate i(3).
-37
Let c(s) = 405*s - 20248. What is c(50)?
2
Let x(r) = -r + 86. Give x(-19).
105
Let t(k) = 691*k - 5519. Determine t(8).
9
Let q(u) = -185*u**2 + 49*u - 49. Give q(1).
-185
Let p(z) = -z**2 - 76*z - 1319. What is p(-49)?
4
Let x(c) = 24*c + 21. Give x(4).
117
Let q(g) = g**3 + 29*g**2 - 721*g + 46. Give q(16).
30
Let v(b) = 4*b**3 - 3*b**2 + 48*b + 155. Determine v(-3).
-124
Let v(i) = i**3 - 15*i**2 + 21*i + 38. Give v(13).
-27
Let u(h) = 208*h - 8942. Determine u(43).
2
Let r(i) = 4*i**3 + 192*i**2 + 4*i + 56. Determine r(-48).
-136
Let y(m) = -2*m**3 + 17*m**2 + 3*m - 93. Determine y(8).
-5
Let z(q) = -8*q**3 + 114*q**2 - 23*q - 74. What is z(14)?
-4
Let b(y) = -y**3 + 7*y**2 + 22*y - 160. Calculate b(7).
-6
Let o(r) = -89*r**2 + 11660*r - 130. Determine o(131).
1
Let a(k) = k**3 - 19*k**2 + 20*k + 73. What is a(17)?
-165
Let x(q) = 3*q**3 + 4*q**2 - 2*q - 19. Determine x(-4).
-139
Let a(k) = -k**3 - 6*k**2 - 76*k - 357. What is a(-5)?
-2
Let t(k) = -k**2 - 175*k + 1469. Calculate t(-183).
5
Let o(f) = -f**2 - 20*f - 42. What is o(-16)?
22
Let d(g) = 2*g**2 + 23*g + 64. Calculate d(-4).
4
Let t(r) = 8*r**2 + 77*r - 11. Give t(-10).
19
Let x(z) = -20*z + 466. Determine x(22).
26
Let u(n) = -n**3 - 11*n**2 + 26*n + 16. Determine u(-13).
16
Let h(i) = 57*i**2 + 5129*i - 95. Determine h(-90).
-5
Let m(p) = -11*p**2 - 1125*p - 6627. Calculate m(-96).
-3
Let t(d) = 80*d - 3026. Determine t(38).
14
Let g(f) = -3*f**2 + 99*f - 110. Give g(32).
-14
Let b(d) = -2*d**2 - 769*d - 1535. Give b(-2).
-5
Let g(f) = -f**3 + 25*f**2 - 32*f - 308. Calculate g(23).
14
Let s(j) = 3*j**3 + 30*j**2 + 73*j + 59. Give s(-7).
-11
Let u(n) = -n**2 - 64*n + 650. Give u(11).
-175
Let c(i) = -i**3 - 27*i**2 - 2*i - 91. Give c(-27).
-37
Let m(h) = -h**2 + 18*h - 108. Calculate m(9).
-27
Let a(v) = v**2 - 10597*v - 10597. What is a(-1)?
1
Let z(y) = -64*y + 4626. What is z(72)?
18
Let j(m) = 4*m + 272. Calculate j(-69).
-4
Let z(i) = -i**3 - 50*i**2 - 9*i - 447. Give z(-50).
3
Let v(z) = -107*z**3 + 2*z**2 + 71*z + 69. What is v(-1)?
107
Let u(j) = -2*j**3 + 63*j**2 + 106*j - 2363. Determine u(32).
5
Let d(s) = 4*s**3 - 7*s**2 + s + 6. Calculate d(2).
12
Let a(b) = b**3 + 7*b**2 + 17*b + 32. Give a(-8).
-168
Let d(w) = -w**3 + 4*w**2 - 20*w - 24. Give d(-1).
1
Let h(t) = 8*t**2 + 814*t + 1415. Calculate h(-100).
15
Let w(r) = -11*r**2 + 35*r - 42. What is w(12)?
-1206
Let f(t) = -t**3 + 71*t**2 - 221*t + 1162. Calculate f(68).
6
Let d(m) = -2*m**3 - 26*m**2 - 64*m + 109. Give d(-8).
-19
Let n(i) = 497*i - 987. Calculate n(2).
7
Let u(a) = a**2 + 42*a - 1859. Calculate u(27).
4
Let s(m) = -m**3 + m**2 - 2*m - 170. Give s(0).
-170
Let i(o) = 36*o**2 + 620*o + 130. What is i(-17)?
-6
Let y(g) = -84*g + 2021. What is y(24)?
5
Let a(y) = -10*y + 137. Calculate a(9).
47
Let h(c) = 45*c + 14. Calculate h(-3).
-121
Let n(t) = -t**3 + 14*t**2 - 123*t + 997. Give n(11).
7
Let a(x) = 825*x + 2468. Determine a(-3).
-7
Let f(v) = -26*v - 382. What is f(-13)?
-44
Let c(u) = -u**3 + 2*u**2 - 2*u - 118. Calculate c(0).
-118
Let i(c) = -c**3 + 12*c**2 - 57*c + 81. Calculate i(4).
-19
Let n(t) = 5*t**3 + 56*t**2 - 127. What is n(-11)?
-6
Let b(n) = n**3 - 12*n**2 + 8*n + 19. What is b(11)?
-14
Let h(f) = f**3 + 13*f**2 - 13*f - 42. Determine h(-13).
127
Let p(t) = 4509*t + 130754. What is p(-29)?
-7
Let y(z) = z**2 - 72*z + 343. What is y(5)?
8
Let y(l) = -134*l + 1348. What is y(10)?
8
Let w(a) = -45*a**2 - 263*a + 8. Calculate w(-6).
-34
Let i(t) = 30*t**3 + 5*t**2 + 5*t + 2. Determine i(-2).
-228
Let n(g) = g**2 - 11*g - 48. Determine n(-5).
32
Let o(b) = 7*b - 752. Give o(109).
11
Let o(g) = 5*g**2 + 131*g + 66. Determine o(-26).
40
Let p(w) = -202*w**3 - 2*w**2 + 52*w + 53. What is p(-1)?
201
Let x(u) = u**3 - 25*u**2 + 158*u - 24. Calculate x(15).
96
Let r(y) = 3*y**3 + 89*y**2 - 31*y - 6. Give r(-30).
24
Let o(f) = 252*f + 1002. Calculate o(-4).
-6
Let k(g) = -26*g - 117. Determine k(-11).
169
Let k(x) = -5*x**2 + x - 4. Calculate k(2).
-22
Let c(g) = -43*g**3 - 2*g**2 + g + 12. What is c(2)?
-338
Let t(q) = 53*q**2 - q - 2. What is t(1)?
50
Let u(o) = 1164*o + 25573. Calculate u(-22).
-35
Let g(u) = u**3 + 50*u**2 + 8*u + 395. Calculate g(-50).
-5
Let z(y) = -16*y + 22. What is z(2)?
-10
Let c(n) = -2*n**3 - 43*n**2 + 14*n - 170. Give c(-22).
6
Let p(r) = -2*r**3 - 22*r**2 - 30*r + 7. Give p(-9).
-47
Let c(g) = 75*g + 1188. Calculate c(-16).
-12
Let a(l) = -64*l + 1189. Determine a(19).
-27
Let u(b) = b**2 + 5*b - 107. Calculate u(12).
97
Let f(d) = 2*d**2 - 36*d - 561. Give f(29).
77
Let v(j) = -j**2 + 80*j + 1429. What is v(95)?
4
Let w(s) = 23*s + 2. Give w(-1).
-21
Let j(i) = -886*i + 15954. What is j(18)?
6
Let a(y) = -y**3 - 16*y**2 + 8*y + 17. Give a(-16).
-111
Let h(b) = b**3 - 48*b**2 + 56*b - 427. Calculate h(47).
-4
Let j(o) = -o**3 - 11*o**2 - 13*o + 57. Determine j(-8).
-31
Let t(z) = -22*z + 846. Give t(38).
10
Let j(p) = 3*p**2 - 116*p - 418. Calculate j(42).
2
Let p(q) = 64*q + 715. Calculate p(-12).
-53
Let m(u) = u**2 + 43*u - 91. What is m(2)?
-1
Let c(u) = 115*u + 1147. Calculate c(-10).
-3
Let z(f) = 708*f + 18431. Calculate z(-26).
23
Let u(g) = -12*g**2 + 6*g + 7. What is u(-1)?
-11
Let n(p) = -p**3 + 47*p**2 + 442*p - 43. What is n(-8)?
-59
Let i(s) = s**2 - 13*s + 36. Calculate i(5).
-4
Let u(i) = -1628*i + 42321. Determine u(26).
-7
Let u(c) = c**3 - 38*c**2 - 122*c - 27. What is u(41)?
14
Let b(n) = -4*n**2 - 76*n + 100. Give b(-19).
100
Let z(k) = 101*k**2 + 2*k - 3. What is z(-1)?
96
Let m(b) = -3*b**2 - 30*b - 31. Calculate m(-1).
-4
Let f(y) = -y**2 - 44*y - 177. Give f(-39).
18
Let n(y) = -y**3 - 23*y**2 + 287*y - 76. Calculate n(-32).
-44
Let l(t) = 7*t**3 - 48*t**2 - 7*t + 17. Determine l(7).
17
Let k(d) = -23*d - 24. Calculate k(7).
-185
Let f(j) = -402*j - 546. Give f(-3).
660
Let m(x) = 18*x**2 + 98*x + 145. Determine m(-3).
13
Let i(c) = -c**3 - 16*c**2 - 6*c + 314. Give i(-14).
6
Let m(a) = -68*a - 5026. Calculate m(-74).
6
Let h(u) = -2516*u + 10. What is h(0)?
10
Let r(y) = -56*y + 7388. Give r(132).
-4
Let o(z) = 19*z + 629. Give o(-35).
-36
Let h(c) = 6*c**2 - 98*c - 57. Determine h(17).
11
Let b(u) = -4*u**3 + 10*u**2 + 14*u - 73. Calculate b(5).
-253
Let o(q) = 4*q**2 + 194*q - 294. Give o(-50).
6
Let b(l) = 197*l - 778. Calculate b(4).
10
Let x(v) = v**3 - 20*v**2 + 12*v + 131. Determine x(19).
-2
Let k(u) = -2*u - 209. Determine k(-19).
-171
Let z(m) = -m**2 - 12*m + 13. What is z(-10)?
33
Let m(k) = 5*k**2 + 319*k + 249. Calculate m(-63).
-3
Let u(d) = d**2 - 28*d + 52. Give u(20).
-108
Let p(f) = 72*f + 2729. Give p(-38).
-7
Let t(o) = o**3 + 5*o**2 + 54*o + 94. Determine t(-2).
-2
Let o(k) = k**3 + 155*k**2 - 160*k - 595. What is o(-156)?
29
Let j(a) = a**2 - 63*a + 368. Calculate j(6).
26
Let y(m) = -3*m**2 - 98*m + 69. What is y(-34)?
-